he greatest common factor of 120 and 1350.
30
What is the highest common divisor of 78 and 741?
39
Calculate the greatest common factor of 90 and 2250.
90
What is the greatest common factor of 1927 and 123?
41
What is the highest common divisor of 16 and 1?
1
Calculate the greatest common divisor of 4472 and 1204.
172
What is the greatest common divisor of 40 and 32?
8
Calculate the highest common factor of 16 and 312.
8
What is the greatest common divisor of 71895 and 15?
15
Calculate the highest common factor of 117 and 312.
39
Calculate the greatest common factor of 355 and 15.
5
Calculate the highest common factor of 20 and 10.
10
What is the greatest common divisor of 54 and 351?
27
Calculate the greatest common factor of 141 and 5217.
141
Calculate the highest common factor of 282 and 24.
6
Calculate the greatest common factor of 481 and 1053.
13
Calculate the greatest common divisor of 195 and 143.
13
Calculate the greatest common divisor of 4331 and 183.
61
What is the highest common factor of 56 and 1512?
56
Calculate the highest common divisor of 131 and 7.
1
What is the greatest common divisor of 6000 and 880?
80
What is the greatest common divisor of 434 and 126?
14
Calculate the greatest common divisor of 76596 and 39.
39
What is the highest common factor of 26 and 5421?
13
Calculate the greatest common factor of 84 and 196.
28
Calculate the greatest common divisor of 481 and 234.
13
What is the highest common factor of 256 and 16?
16
What is the greatest common factor of 126 and 14?
14
Calculate the highest common divisor of 1664 and 42016.
416
Calculate the greatest common factor of 15045 and 177.
177
What is the greatest common divisor of 90 and 10?
10
What is the highest common factor of 429 and 65?
13
Calculate the greatest common factor of 22 and 176.
22
Calculate the greatest common factor of 3080 and 704.
88
Calculate the highest common factor of 63 and 3255.
21
What is the greatest common factor of 72 and 336?
24
Calculate the greatest common factor of 460 and 320.
20
Calculate the highest common divisor of 10877 and 149.
149
Calculate the greatest common factor of 608 and 352.
32
What is the highest common divisor of 3444 and 84?
84
What is the greatest common factor of 54 and 10?
2
Calculate the highest common divisor of 117 and 104.
13
What is the greatest common factor of 4205 and 435?
145
What is the greatest common factor of 3 and 1695?
3
What is the greatest common factor of 407 and 374?
11
Calculate the greatest common divisor of 4 and 116.
4
Calculate the greatest common divisor of 16 and 40.
8
Calculate the highest common factor of 7344 and 28.
4
Calculate the highest common factor of 390 and 702.
78
What is the greatest common divisor of 4251 and 78?
39
Calculate the greatest common factor of 496 and 527.
31
What is the greatest common factor of 14 and 154?
14
Calculate the highest common factor of 4634 and 98.
14
What is the highest common factor of 551 and 19?
19
Calculate the highest common factor of 10 and 310.
10
What is the highest common divisor of 2080 and 560?
80
Calculate the highest common divisor of 441 and 1701.
63
What is the greatest common factor of 171 and 399?
57
What is the highest common factor of 13 and 793?
13
What is the greatest common divisor of 3192 and 2280?
456
What is the highest common divisor of 98 and 8?
2
Calculate the highest common divisor of 1357 and 46.
23
What is the highest common divisor of 37 and 3071?
37
Calculate the greatest common factor of 14946 and 564.
282
Calculate the highest common factor of 5344 and 64.
32
What is the greatest common divisor of 3844 and 620?
124
What is the greatest common factor of 552 and 16?
8
What is the highest common factor of 55 and 20?
5
What is the greatest common divisor of 17 and 391?
17
What is the greatest common factor of 60 and 750?
30
Calculate the highest common factor of 1680 and 448.
112
What is the greatest common divisor of 2 and 9188?
2
Calculate the greatest common factor of 110 and 275.
55
Calculate the greatest common factor of 512 and 64.
64
What is the highest common divisor of 34 and 136?
34
Calculate the greatest common factor of 22 and 671.
11
What is the greatest common factor of 345 and 230?
115
Calculate the highest common factor of 324 and 4.
4
Calculate the greatest common factor of 94 and 141.
47
Calculate the greatest common divisor of 32 and 52.
4
What is the greatest common divisor of 119 and 697?
17
What is the highest common divisor of 1207 and 187?
17
What is the highest common factor of 435 and 240?
15
Calculate the greatest common divisor of 3 and 309.
3
Calculate the highest common factor of 4401 and 1141.
163
Calculate the highest common divisor of 1388 and 8.
4
Calculate the greatest common divisor of 28 and 8.
4
What is the highest common divisor of 114 and 304?
38
What is the highest common factor of 126 and 602?
14
Calculate the greatest common factor of 18822 and 6.
6
Calculate the greatest common factor of 56 and 14472.
8
Calculate the greatest common divisor of 99 and 4653.
99
What is the greatest common factor of 203 and 261?
29
What is the greatest common divisor of 768 and 1024?
256
What is the highest common divisor of 27 and 1737?
9
Calculate the highest common divisor of 240 and 440.
40
Calculate the greatest common divisor of 21028 and 28.
28
Calculate the greatest common factor of 13950 and 30.
30
What is the highest common divisor of 2261 and 2499?
119
What is the highest common divisor of 1856 and 638?
58
What is the highest common factor of 513 and 570?
57
What is the greatest common factor of 1225 and 147?
49
Calculate the highest common factor of 41844 and 132.
132
Calculate the highest common divisor of 256 and 160.
32
Calculate the greatest common divisor of 6674 and 188.
94
Calculate the highest common divisor of 53 and 901.
53
Calculate the highest common divisor of 7190 and 10.
10
What is the highest common factor of 297 and 1584?
99
Calculate the greatest common factor of 1242 and 92.
46
Calculate the highest common factor of 32 and 272.
16
Calculate the greatest common factor of 1564 and 136.
68
What is the greatest common divisor of 10 and 110?
10
Calculate the highest common divisor of 4 and 244.
4
Calculate the greatest common factor of 110 and 40.
10
What is the highest common divisor of 4216 and 136?
136
What is the highest common divisor of 153 and 9?
9
What is the greatest common divisor of 14 and 3402?
14
Calculate the highest common divisor of 11 and 16.
1
What is the highest common factor of 2921 and 23?
23
What is the greatest common divisor of 114 and 76?
38
What is the greatest common divisor of 5412 and 132?
132
Calculate the greatest common divisor of 75 and 90.
15
What is the greatest common factor of 90 and 40?
10
What is the highest common divisor of 2907 and 342?
171
What is the highest common divisor of 28 and 161?
7
What is the highest common divisor of 368 and 851?
23
Calculate the highest common factor of 60 and 2025.
15
Calculate the greatest common divisor of 30879 and 9.
9
Calculate the greatest common divisor of 28 and 4272.
4
Calculate the greatest common factor of 1065 and 45.
15
What is the highest common divisor of 9799 and 239?
239
Calculate the highest common factor of 1500 and 12.
12
Calculate the highest common divisor of 747 and 18.
9
What is the greatest common divisor of 19 and 4?
1
Calculate the highest common factor of 180 and 144.
36
What is the highest common factor of 3568 and 16?
16
What is the greatest common divisor of 574 and 14?
14
Calculate the greatest common divisor of 136 and 15368.
136
What is the greatest common factor of 8033 and 29?
29
What is the highest common divisor of 328 and 287?
41
What is the greatest common factor of 94 and 141?
47
Calculate the greatest common factor of 73 and 2993.
73
Calculate the greatest common divisor of 4064 and 144.
16
What is the greatest common factor of 145 and 8845?
145
What is the greatest common factor of 9912 and 84?
84
Calculate the greatest common factor of 12366 and 162.
54
What is the greatest common divisor of 102 and 765?
51
What is the highest common divisor of 20 and 190?
10
Calculate the highest common factor of 1140 and 1444.
76
What is the greatest common divis